 -l = -5*b - 5*z, b + 3*b = -o*z + 44. What is the units digit of b?
1
Suppose 366 = 2*a - 2*u - 0*u, -2*a - u = -366. Suppose 0 = -x - 4*k + a, -4*x - 4*k = -2*x - 382. What is the tens digit of x?
9
Suppose 0 = -2*m + 1 - 13. Let f = m + 16. What is the tens digit of f?
1
Let v(z) = 14*z + 2 - 14 + 20*z. What is the hundreds digit of v(4)?
1
Let c be (10/(-15))/((-2)/(-3)). Let i be 114/12 + c/2. What is the units digit of 2/(-9) + 515/i?
7
Let n = -18 + 3. Let k be n/(-3) - (3 - 0). Suppose -2*f + 36 = k*b, -f = 2*f + b - 54. What is the units digit of f?
8
Suppose 0*a + a - 3*g - 487 = 0, -5*a - 4*g = -2359. What is the hundreds digit of a?
4
Let u = 2272 - 1605. What is the units digit of u?
7
Let k(p) = -57*p - 28. What is the units digit of k(-6)?
4
Let a(u) = -24*u + 28. Let l(f) = -8*f + 48. Let n be l(7). What is the hundreds digit of a(n)?
2
Let j = 1270 - 1118. What is the units digit of j?
2
Let j(w) = 4*w**2 - 6*w - 18. What is the units digit of j(7)?
6
Suppose 87*f - 72*f - 3765 = 0. What is the hundreds digit of f?
2
Let i(v) = -v**3 - 14*v**2 + 2. Let d be i(-14). Let z = d + 58. What is the units digit of z?
0
Suppose -3*h = -j + 17, -2*h - 11 = -1. Let v be j*-3*(-2)/3. Suppose -36 = -3*p - v*l + 61, -3*p + 61 = -5*l. What is the tens digit of p?
2
Let o(v) be the first derivative of -4*v**2 - 9*v - 9. What is the units digit of o(-5)?
1
Let t(g) = -g**2 - 75*g + 8. What is the units digit of t(-6)?
2
Let a = -73 + 104. Suppose -2 = -s + a. What is the tens digit of s?
3
Suppose -3*v = -2*v + 25. Let q be (-20)/v*50/4. Suppose 9*r - q*r + 19 = 0. What is the tens digit of r?
1
Let h(i) = 4*i + 1 + 0 + 4 - i**2. Let m be 5 + -2 + -7 + 8. What is the units digit of h(m)?
5
Suppose -46 = -4*y + 5*i, -5*y - 20 + 59 = 3*i. Suppose -y*r + 7*r = -354. What is the tens digit of r?
7
Let w(r) = 24*r**2 + 10*r - 23. What is the units digit of w(-7)?
3
Suppose 0 = i + 3, 2*x + 0*i + i - 243 = 0. Suppose 0 = -3*z + x + 42. What is the units digit of z?
5
Let z = -967 - -1815. What is the tens digit of z?
4
Let c(l) = 462*l + 247. What is the hundreds digit of c(5)?
5
Suppose -8*f = -11*f + 567. What is the hundreds digit of f?
1
What is the units digit of 444/10*820/12?
4
What is the tens digit of 747/((75/(-10))/(-5))?
9
Let h(w) = w**3 - 4 + 1 + 2*w**2 - 2*w + 2 + 3*w**2. Let f be h(4). What is the units digit of 2/((48/f)/8)?
5
Suppose 0 = 4*g - 8*g + 8. Suppose -2*f + 56 = g*u, 0 = -0*u - 4*u - f + 100. Suppose v - u = -5. What is the tens digit of v?
1
Let g(f) = -f**3 + 2 + 8*f + 25 - 43 - 10*f**2. What is the units digit of g(-11)?
7
Suppose 15*s - 16 = 11*s. Suppose -4*f + 88 = 3*z, s*f - 8*f + 152 = 5*z. What is the units digit of z?
2
Suppose -b + 75 = 4*b. Let r = -12 + b. Suppose -r*g - 3*n = -93, -5*g + n = -2*g - 85. What is the units digit of g?
9
Let x = -64 + 82. Suppose 0 = x*u + 21 - 597. What is the tens digit of u?
3
Let i(t) = -t**2 + 7*t - 2. Let k(w) = -2 - 6*w + 5*w + 8*w - w**2. Let s(h) = 2*i(h) - 3*k(h). What is the units digit of s(10)?
2
Suppose 4 = -2*u - t - 8, -5*u + 2*t - 30 = 0. Let o be (-1 - u)/(2/(-6)). Let c = 3 - o. What is the units digit of c?
8
Let n be (40/25)/((-2)/(-5)). Suppose 0 = -0*w - n*w + 732. What is the units digit of w?
3
Let z(q) = -q**3 + 13*q**2 - 13*q + 4. Let p be (-2 - -5)*4 + 0. Let a be z(p). Let w = a + 23. What is the units digit of w?
5
Let z be 2/(92/31 - 3). Let c = 46 - z. Suppose v = w - 25, -5*v + c = 2*w + 23. What is the units digit of w?
0
Suppose -80*x + 83*x = 3969. What is the thousands digit of x?
1
Suppose 6*r = 5*r. Let y = 19 + r. What is the tens digit of y?
1
Suppose -2*c - 5 = -7. Let f(r) = 109*r**3 - r**2. What is the units digit of f(c)?
8
Suppose -2 = 2*y, 0*f - 4*y = -4*f + 636. Let n = 275 - f. What is the tens digit of n?
1
Let z = 0 - -9. Suppose -2*a - z*a + 704 = 0. What is the units digit of a?
4
Let k = 31 - 28. Let t be (k/(-2))/((-2)/4). Suppose t*v + 4*w - 6*w = 21, 2*w = -2*v + 14. What is the units digit of v?
7
Suppose -6*q = 12*q - 24570. What is the units digit of q?
5
What is the tens digit of (1 - 518/(-4))/(2/4)?
6
Suppose -p - 26 = -76. Suppose 4*h - 4*j = h + 52, 0 = -3*h + 2*j + p. What is the units digit of h?
6
Let k = 14 - -65. Let b = 204 - 187. Suppose -4*f = -k - b. What is the units digit of f?
4
What is the hundreds digit of (2 - -1)/(-10 - 209693/(-20966))?
9
Let d(j) = 90*j + 49. What is the tens digit of d(13)?
1
Let u(l) be the second derivative of -l**5/20 - l**4/12 - 5*l**3/6 + l**2 - 3*l. What is the tens digit of u(-4)?
7
Let v be (-8)/(-44) + (-3903)/(-11). Let f = -251 + v. What is the units digit of f?
4
Let x = -195 - -174. Suppose -2*h = -5*h - 12. Let q = h - x. What is the units digit of q?
7
Let n(v) = -v**2 + 3*v + 6. Let y be n(4). Let o(g) = 29*g - 8. What is the units digit of o(y)?
0
Let x = -5 - 3. Let z(m) = -m**2 - 9*m - 6. Let u be z(x). What is the units digit of (3 - -51)/3 - u?
6
Let m(i) = -i**3 - 6*i**2 - 6*i - 1. Let c be m(-5). Suppose x = -d + 4*x + 6, c*d - 24 = 5*x. What is the tens digit of (44/3)/(4/d)?
2
Suppose -59 = 28*h - 27*h. Let b = h + 160. What is the tens digit of b?
0
Suppose k = -k. Let y(x) = -2*x**3 + 3*x**2 - 5*x - 59. Let o(m) = -3*m**3 + 5*m**2 - 8*m - 117. Let h(c) = -3*o(c) + 5*y(c). What is the units digit of h(k)?
6
Suppose -5*n + 40 = -0*n. Let s = n - 4. What is the units digit of s?
4
Suppose -3*l = -31 - 50. Let b = l + -40. What is the tens digit of 41/2 + b/26?
2
Let i be (-14 - -12)*17/(-2). Let g = 116 - i. What is the units digit of g?
9
Let w(k) = -k**3 - 6*k**2 + 5*k - 9. Let a be w(-7). Suppose 4*l + 5*g = 845, 2*l = 7*l + a*g - 1050. What is the tens digit of l?
0
Let w = 10 - -501. What is the hundreds digit of w?
5
Suppose 5*h = 11*h - 13140. What is the units digit of h?
0
Let j = 19 - 27. Let v be 3/12 - 14/j. Suppose v*z + 15 = 5*r + 98, -3 = -r. What is the tens digit of z?
4
Suppose 4224 = 9*s - 1743. What is the hundreds digit of s?
6
Let q(v) = -v**3 + 12*v**2 + 17*v - 14. What is the hundreds digit of q(9)?
3
Let p(n) = 19*n**2 + n. Let g be p(-1). Let o be (10/8)/(g/2664). Suppose -o = -5*m - 3*u + 8*u, -5*u - 25 = 0. What is the units digit of m?
2
Let i(c) = c**2 - 7*c - 13. Let x be i(10). Let m = x + -14. Suppose -45 = -2*f - m*f. What is the units digit of f?
9
Let a = -65 + 160. Suppose -5*t + 3*n + a = -109, 0 = 5*t - 5*n - 200. Suppose -5*o + 69 = j - 125, o - t = -j. What is the units digit of o?
8
Let i be 0/(0 - (1 - 4)). Let t = 6 + -4. Suppose t*z + 2*z - 36 = i. What is the units digit of z?
9
Let d(x) be the second derivative of -4*x**3/3 - x**2/2 + 5*x. Let q be d(-6). Let p = -1 + q. What is the tens digit of p?
4
Suppose -7*b + 2*b + 4*x + 182 = 0, -4*b + 127 = 3*x. Suppose 5*q - 2*q - 4*r + 83 = 0, 2*r = -2*q - 32. Let w = b + q. What is the units digit of w?
3
Let w = -590 + 358. Let m be (7/(-14))/(2/w). Let r = 96 - m. What is the tens digit of r?
3
Let x be 6/(-6) - (-1 - -4). Let l(o) = 2*o + 8*o**2 + 6*o**3 - 3*o**3 - 2*o**2 - 2*o**3. What is the tens digit of l(x)?
2
Let s(k) = k + 7. Let t(p) = -p - 8. Let g = 9 - 11. Let j(a) = g*t(a) - 3*s(a). What is the units digit of j(-6)?
1
Let h(j) = 7*j - 17. Let i = -30 - -34. What is the units digit of h(i)?
1
Let l = 2407 - 1663. What is the tens digit of l?
4
Let n(i) = 247*i + 4. What is the tens digit of n(9)?
2
Let r(q) = -q**3 - 28*q**2 - 89*q + 26. What is the tens digit of r(-25)?
7
Let x be (-42)/(-9)*(-33)/(-4)*-2. Let i = 141 + x. What is the tens digit of i?
6
Let z = -2 + 7. Suppose -15 = z*m, 4*m + 529 = 4*r + 5*m. Suppose r = 5*n + o, -2*n + 3*o + 52 = 4*o. What is the tens digit of n?
2
Let z be ((-41)/(-3))/(7/(-21)). Let c = -4 - z. What is the units digit of c?
7
Suppose -71*p - 884 = -75*p. What is the hundreds digit of p?
2
Suppose 0*x + 410 = 5*l + 3*x, -l + 3*x = -100. Let i = 167 - l. What is the units digit of i?
2
Let g be 2*(-2)/4*19. Let b = g - -23. Suppose 6 = b*o + 2. What is the units digit of o?
1
What is the tens digit of ((-27)/(-3))/(921/(-231) - -4)?
9
Suppose -22*y - 8403 + 28995 = 0. What is the hundreds digit of y?
9
Let v(l) = l**3 - 15*l**2 + 14*l + 40. What is the units digit of v(14)?
0
Let c(v) = 149*v**3 + 4*v**2 - 13